ose 78 = -5*p + 4*s, 2*p - 3*s + 10 = -24. Let a be i(p). Determine y(a).
-8
Let l = -46794 + 46792. Let g(b) be the first derivative of -3*b**4/4 - 2*b**3/3 + b**2/2 - b - 1. What is g(l)?
13
Let y(p) = -p**2 - 5*p - 6. Let m = 3871 - 3876. Give y(m).
-6
Let d(k) = k - 7*k + 187 - 93 + 7*k - 95. Let w be (-2)/(-3) - (-28)/(-6). Calculate d(w).
-5
Let z(m) = 13*m**2 - 5*m - 3. Let s(p) = 6*p**2 - 2*p - 1. Let k(a) = -5*s(a) + 2*z(a). Let u be 112/28 + 3 + -6. Determine k(u).
-5
Let h be (16/28)/(8/28). Let t(s) = -5*s + 62*s**h - 61*s**2 + 1 + 3 + 1. Calculate t(5).
5
Suppose 25 = -5*c, 4*c - 3 = -3*a + 28. Suppose 5*f + 84 = a*f. Let v(k) = 6*k**2 - f*k - k**2 + 5 + 2 + k**3. Determine v(-6).
13
Suppose 3*x = r - 17, -2*r - 5*x - 55 + 23 = 0. Let h(o) = -1 - 10*o**2 - 2*o + 2*o + o + 2. Calculate h(r).
-10
Let l(s) = s**3 + 31*s**2 + 101*s + 473. Let g be l(-28). Let w(z) = z**3 - 2*z. Give w(g).
-21
Suppose 9*u - 79*u = 490. Let y(g) = 3*g**3 + 21*g**2 + 2*g + 3. Determine y(u).
-11
Let s(q) be the first derivative of q**4/4 + 7*q**3/3 + 9*q**2 + 40*q + 9620. What is s(-4)?
16
Let p(f) = -f**2 - 2*f - 3. Let i be 50/14 - (90/35)/(-6). Let a be -1*i*(-6)/12*-1. What is p(a)?
-3
Let q = -350 - -811. Let y = -472 + q. Let l(o) = -o**3 - 11*o**2 - 3*o. What is l(y)?
33
Let q(y) = -y - 4 - 6 + 0 + 0*y. Let r be q(-13). Let a(h) = -2*h + 5*h**3 - 1 - 82*h**2 + 85*h**2 - 6*h**3 + 5 + 3*h. Determine a(r).
7
Let j(l) = 1 - 2 + 4*l + 0. Let h(f) = -2*f**2 + 15*f - 24. Let g be h(6). Calculate j(g).
-25
Suppose 27*s - 31*s = -8. Let o(i) be the first derivative of 11 + 0*i + 0 - s*i + 3*i**2 - 7. Give o(3).
16
Let s(q) = 4 - 2 - 72*q**2 + 146*q**2 - 10*q - 75*q**2. Let m be s(-10). Let d(y) = -4*y + 4. What is d(m)?
-4
Let t(o) = -o**2 + o - 1. Suppose -5*l - 5*b = -137 + 12, 45 = 2*l + b. Suppose 16*v - l*v = -8. Determine t(v).
-3
Suppose 0 = 2*m - 176 - 122. Let b(f) = -74*f - 77*f + m*f. Give b(6).
-12
Let a(j) = -j**2 + 7*j - 6. Let p(c) be the second derivative of c**5/10 + 5*c**4/6 - c**3/6 + c**2 - c + 29. Let n = -76 + 71. Let o be p(n). What is a(o)?
-6
Let p(t) = -t**3 - 20*t**2 - 59*t - 131. Let m be p(-17). Let a(f) = 7*f - 30. Calculate a(m).
5
Let k(x) be the second derivative of -2*x**5/5 - x**4/12 - 2*x**3/3 + 5*x**2/2 - 3*x - 58. Determine k(1).
-8
Let l(j) = 844*j - 5933. Let r be l(7). Let t(i) = i**3 + 23*i**2 - 50*i - 57. What is t(r)?
-57
Suppose 0 = -5*i - 4 - 16. Let u be 10*i*(-2 - 36/(-16)). Let b be -3 + (-47)/(-5) - (-4)/u. Let r(z) = z**3 - 5*z**2 - 8*z + 9. Determine r(b).
-3
Let v = -4 - -7. Suppose -v*y = 4*y - 21. Let u(s) = -s**2 + s + 3. What is u(y)?
-3
Let z(d) be the third derivative of -d**6/120 - 7*d**5/60 - d**4/4 - 13*d**3/6 - 922*d**2. What is z(-7)?
29
Let m(t) = -t + 9. Let s = 810 + -577. Let w = 242 - s. What is m(w)?
0
Suppose p = -3*p + 3*x - 19, -x = -3*p - 13. Let f = -708 + 718. Let g = f + p. Let v(r) = -r**3 + 7*r**2 - 6*r - 5. What is v(g)?
-5
Let x(c) = 28 + 28 - 73 - 2*c + 9. Calculate x(6).
-20
Let u(n) be the third derivative of -n**7/5040 - n**6/240 + n**5/5 + 11*n**2. Let l(h) be the third derivative of u(h). Let a = -78 - -72. Give l(a).
3
Let z be 0 + 0 - (-15)/((-60)/(-68)). Let h(u) be the first derivative of -u**4/4 + 6*u**3 - 17*u**2/2 - 6. What is h(z)?
0
Let m(s) = s**3 - 6*s**2 + 8*s - 3. Let d = -304 - -309. Suppose 3*b - d*y = 22, b - y - 3 - 3 = 0. Calculate m(b).
-3
Let n(b) = 2*b**3 + 3*b**2 - 2*b + 9. Let r(j) = 3*j**3 + 7*j**2 - 5*j + 18. Let w(d) = 5*n(d) - 3*r(d). Let i = -9048 - -9054. Give w(i).
21
Let l(a) = a**2 - a - 6. Let z be ((-10)/(-7))/(70/1225). Suppose -87*o + 82*o + z = 0. Give l(o).
14
Let q(v) be the second derivative of -1/360*v**6 + 1/6*v**4 + 0 + 0*v**5 - 7*v + 0*v**2 - 4/3*v**3. Let y(r) be the second derivative of q(r). What is y(-3)?
-5
Let t(j) = -3*j + 1. Suppose 8*r - 1 - 15 = 0. Suppose -2*u - 3*u + a - 399 = 0, 2*u - r*a + 166 = 0. Let c = u + 74. Calculate t(c).
16
Let y(n) be the first derivative of 3*n**2 + 3*n - 674. Let q = -56 - -55. Give y(q).
-3
Let a(v) be the first derivative of -v**4/4 - 11*v**3/3 + 5*v**2 + 101*v + 2547. Calculate a(-11).
-9
Let h be 6 + -2 + -5 + 54. Let l(d) = -3*d + d**2 - 7*d**3 + 46 - h + d**2 + 0*d. Let n(o) = -4*o**3 + o**2 - o - 3. Let u(f) = 2*l(f) - 5*n(f). Give u(1).
5
Suppose -3*f + 4*f = -7. Let t = f - 3. Let j(o) be the third derivative of -o**5/60 - o**4/3 + 7*o**3/3 - 6*o**2 - 182*o. Give j(t).
-6
Let o be (2/6)/((-5)/(-45)). Let m(z) = -2*z - 3051 + 1527 + 4*z**2 - z**3 + 1528 - z. Calculate m(o).
4
Suppose -129 = -30*p - 9. Let o(i) be the first derivative of -i**3/6 + 3*i**2/2 + i + 3. Let q(f) be the first derivative of o(f). Calculate q(p).
-1
Let v be ((-56)/(-70))/(((-4)/355)/(-2)). Let u(a) = 264*a - 12 - v*a - a**2 - 134*a. Determine u(-11).
-1
Let g(z) = -z**3 + 8*z**2 - 2*z + 11. Let p = 48 + -47. Let m(v) = p - 3*v**3 + 4*v**3 - v + 3 - 2. Let b be m(2). Determine g(b).
-5
Let j(r) = -15*r - 16. Suppose 13*u - 8*u + 14 = -n, 0 = -3*n + 18. Give j(u).
44
Suppose -6*o + 70 = -32. Let z = o - -268. Let k(p) = z*p + 4 - 1 - 2*p**2 - p**3 + 1 - 279*p. What is k(-4)?
12
Let m(c) = -c**2 + 10*c + 21. Let k(v) = 17*v - 93. Let r be k(6). Suppose -1 = q - 3*p, -p = -q - 2 + r. Determine m(q).
10
Let m(i) = 2*i + 1280*i**2 + 5 - 1278*i**2 + 2*i + 6*i - 5*i. Give m(-2).
3
Let q(t) = -211*t - 4*t**2 + 110*t + 13 + 3*t**2 + 110*t. Let h = 95 + -85. Give q(h).
3
Let b(n) = 5*n + 11. Let o = 435 - 439. Calculate b(o).
-9
Let c(u) be the second derivative of -u**4/12 - 5*u**3/6 - 4*u**2 + 1940*u. What is c(-3)?
-2
Let s(h) = 0*h**2 + 13*h**2 - 3*h**2 - 12*h**2 + 3*h**3 + 0*h**3. What is s(2)?
16
Let o(f) be the third derivative of -f**5/60 - f**4/12 - 7*f**3/3 + 211*f**2. Determine o(-6).
-38
Let x(j) = 2*j**2 + 17*j - 11. Let d(m) = 2*m**2 + 20*m - 13. Let k(p) = 5*d(p) - 6*x(p). Determine k(2).
-11
Let j(z) be the third derivative of -22*z**2 + 0*z + 1/4*z**4 + 0 + 1/2*z**3. Calculate j(-2).
-9
Let x(j) = j**3 - 6*j**2 - 8*j + 10. Let f(r) = -3*r + 5*r + 3*r - 9 - 4. Let w = 330 - 326. Let s be f(w). Calculate x(s).
3
Let z(d) = 20*d + 13. Let c = -4756 + 4753. Calculate z(c).
-47
Let s(z) = z**2 + 4*z + 6. Suppose 55 = -134*f + 145*f. Determine s(f).
51
Let z(u) = 8*u**3 - 2*u**2 - 1. Suppose -5*c + 11*c = 6. Let t(v) = -v**3 + v**2. Let a(y) = c*z(y) + 4*t(y). Give a(-1).
-3
Let u(v) = v**3 - 8*v**2 - 3*v + 64. Let l = -2169 + 2176. Determine u(l).
-6
Suppose 57 = 4*g - 43. Suppose -7*c + 2*c = g. Let t(x) = 47789*x + 47790*x - 5 - 143289*x + 47708*x. What is t(c)?
5
Let i(f) = 16*f**2 - 2*f + 1. Let q(z) = -z**2 - 3*z + 12. Let h be q(-5). Suppose -12 = -h*y - 0. Let d(o) = -o**2 + 8*o - 11. Let g be d(y). What is i(g)?
15
Let r(w) be the first derivative of w**4/4 + 2*w**3/3 - w + 8816. What is r(1)?
2
Let l(k) = k**2 - 6*k - 2. Let o(d) be the first derivative of d**2/2 + 3. Let m(b) = -l(b) - 3*o(b). Let s be (-8)/(-1) - (-33 - -37). What is m(s)?
-2
Let m(j) = -2 + 2 - 4 + 3. Let o(w) = 2*w + 1. Let u(p) = -2*m(p) + o(p). Suppose 22 = -4*f + i + 2, 3*f + 3*i = 0. Determine u(f).
-5
Let z be 217/(-93)*2/(-7) - 4/(-3). Let d(k) be the second derivative of -1/6*k**4 + 1/3*k**3 + 0 - k**z - 22*k. Give d(2).
-6
Suppose -5*d + 6*d - 5*l - 11 = 0, -2*d + 3*l = -15. Let s(v) = -20*v + 23*v + 3 - 15. What is s(d)?
6
Suppose 645 = -14*m - 951. Let w = 110 + m. Let h(d) = d**2 + 6*d + 5. Calculate h(w).
-3
Let o(a) = 70*a**3 + 88*a - 71*a**3 - 22 + a**2 - 73*a. Give o(3).
5
Let m(y) = y**2 - 4*y + 3. Let d(f) = 2 + 21*f + 3*f**2 - 3*f**3 + 2*f**3 + 13*f**2 - 12*f**2. Let t be d(7). Calculate m(t).
-1
Suppose -19*w + 507 + 509 - 1035 = 0. Let m(a) = -12*a**2 - a - 6*a**2 - 4*a**2. What is m(w)?
-21
Let h(q) = -8*q - 98 + 3*q**2 - 2*q**2 + 91 + 2*q**2 + 2*q + q**3. Give h(-3).
11
Let d(z) = -3*z + 4. Suppose -t = -10*b + 5*b - 176, t = -3*b - 112. Let v be (-120)/b*(-3 - (-21)/5). What is d(v)?
-8
Let r(a) = a**3 + 7*a**2 - 9. Let i be r(5). Let m(z) = i + 290 - 584 - z. Suppose 4*w = 11 + 5. Determine m(w).
-7
Let z(q) = -30*q**3 - 32*q**2 + 6*q - 181. Let u(o) = -23*o**3 - 24*o**2 + 5*o - 137. Let p(s) = 13*u(s) - 10*z(s). What is p(-8)?
-11
Let h(v) = -86*v + 735. Let f(y) = 213*y - 2206. Let d(c) = -3